{"id":3131,"date":"2026-02-25T22:37:39","date_gmt":"2026-02-25T21:37:39","guid":{"rendered":"https:\/\/www.oliviaollapalmer.com\/shop\/?post_type=product&#038;p=3131"},"modified":"2026-02-25T22:55:44","modified_gmt":"2026-02-25T21:55:44","slug":"wheel-of-life-willemijn-de-dreu","status":"publish","type":"product","link":"https:\/\/www.oliviaollapalmer.com\/shop\/classe\/wheel-of-life-willemijn-de-dreu\/","title":{"rendered":"WHEEL OF LIFE Willemijn de Dreu"},"content":{"rendered":"<p><strong>THE WHEEL OF LIFE<\/strong><\/p>\n<p><strong data-start=\"0\" data-end=\"21\">Willemijn de Dreu<\/strong> \u00e8 una delle insegnanti di 5Ritmi con pi\u00f9 lunga esperienza a livello mondiale. Si \u00e8 formata direttamente con Gabrielle Roth nel 1997 e da allora continua a danzare, insegnare e approfondire questa pratica.<\/p>\n<p data-start=\"1579\" data-end=\"1640\"><strong>Casa Dagnino, Pieve S. Stefano. AR<\/strong><\/p>\n<p><strong data-start=\"110\" data-end=\"130\">9\u201312 luglio 2026<\/strong><\/p>\n<p><strong data-start=\"133\" data-end=\"217\">Arrivo il 9 luglio tra le 17:00 e le 19:00 \u00b7 <\/strong><\/p>\n<p><strong data-start=\"133\" data-end=\"217\">Conclusione il 12 luglio alle 16:00<\/strong><\/p>\n<p><strong>210\u20ac prezzo Earlybird \/ 240\u20ac prezzo Last minute<\/strong><\/p>\n<p><strong>Per prezzi per l&#8217;alloggio contattare Olivia: info@oliviaollapalmer.com \/ 388 9988681<\/strong><\/p>\n<p><strong>Per pi\u00f9 info:<\/strong> https:\/\/oliviaollapalmer.com\/incontri\/the-wheel-of-life-willemijn-de-dreu\/<\/p>\n","protected":false},"excerpt":{"rendered":"<p>La registrazione NON \u00e8 valida senza l\u2019invio della caparra. \/ <em>Registration is not valid without paying the deposit.\u00a0<\/em><\/p>\n<p>PER FARE UN BONIFICO \/<em> FOR BANK TRANSFERS: <\/em><em>BENEFICIARIO: <b>OLLA aps <\/b><\/em><br \/>\nIBAN: IT39O0834571310000000010345<\/p>\n<h4>Per Paypal: associazioneOlla@gmail.com<\/h4>\n<p>Se non avete ancora la tessera 2026 dell\u2019associazione OLLA APS, il rinnovo ha un costo di 10\u20ac.. \/ If you don\u2019t have the 2026 membership card of OLLA APS association, the renewal costs is \u20ac10.<\/p>\n<p>Inviare la ricevuta di pagamento a \/ <em>send receipt of transfer to: info@oliviaollapalmer.com<\/em><\/p>\n","protected":false},"featured_media":3132,"template":"","meta":[],"product_cat":[26],"product_tag":[],"_links":{"self":[{"href":"https:\/\/www.oliviaollapalmer.com\/shop\/wp-json\/wp\/v2\/product\/3131"}],"collection":[{"href":"https:\/\/www.oliviaollapalmer.com\/shop\/wp-json\/wp\/v2\/product"}],"about":[{"href":"https:\/\/www.oliviaollapalmer.com\/shop\/wp-json\/wp\/v2\/types\/product"}],"wp:featuredmedia":[{"embeddable":true,"href":"https:\/\/www.oliviaollapalmer.com\/shop\/wp-json\/wp\/v2\/media\/3132"}],"wp:attachment":[{"href":"https:\/\/www.oliviaollapalmer.com\/shop\/wp-json\/wp\/v2\/media?parent=3131"}],"wp:term":[{"taxonomy":"product_cat","embeddable":true,"href":"https:\/\/www.oliviaollapalmer.com\/shop\/wp-json\/wp\/v2\/product_cat?post=3131"},{"taxonomy":"product_tag","embeddable":true,"href":"https:\/\/www.oliviaollapalmer.com\/shop\/wp-json\/wp\/v2\/product_tag?post=3131"}],"curies":[{"name":"wp","href":"https:\/\/api.w.org\/{rel}","templated":true}]}}